t x(i) = 6*i + 1. Let l be (-2)/(-5) - (-8)/(-20). Suppose -3*v - 3 = -l*v. Let q be x(v). Let u(z) = z + 2. Calculate u(q).
-3
Let l(o) be the third derivative of -o**4/12 + 5*o**3/3 + 46*o**2. Determine l(10).
-10
Let i(w) = -w**2 - 5*w - 6. Suppose -3*t + 12 = 3*c, -5*t + c + 17 = 3. Let b = 2 - 0. Suppose -b*j = -t*j - 5. Calculate i(j).
-6
Let t(z) = -z**2 - 2*z + 2. Suppose 0 = -2*w - 0*w - 6. What is t(w)?
-1
Let d be 84/(-24) + (-1)/(-2). Let o(f) = f**2 + 5*f + 4. Calculate o(d).
-2
Let s(f) = f + 5. Let z(i) = i + 4. Let v(c) = -4*s(c) + 6*z(c). Let u(h) = -h**3 + 4*h**2 - 4. Let x be u(4). Determine v(x).
-4
Let v(g) = -2*g. Let x(s) = -3*s. Let r(p) = 7*v(p) - 3*x(p). Let i(l) = 4*l**2 - l + 1. Let q be i(1). Let u be (q/(-6))/((-4)/(-6)). What is r(u)?
5
Let h(g) = g**3 + 5*g**2 + 5*g + 5. Suppose 5*x - 3*x = 6. Suppose 2*f - 24 = 4*u, u = x*f - 2*u - 24. Suppose 3*i = 4*i + f. Determine h(i).
1
Let c(i) = -i**2 + 4. Let v(n) = -15*n - 5. Let l be v(4). Let j be l/25 + (-4)/10. What is c(j)?
-5
Let u be (-56)/6*(-234)/(-91). Let o be (5/(15/u))/(-2). Let c(s) = -2*s**2 + 4*s + 4. Give c(o).
-12
Let x = 74 - 80. Let i(j) = j**3 + 5*j**2 - 5*j + 6. Calculate i(x).
0
Let y(v) = v + 4. Let z(q) = q + 1. Let u(l) = -y(l) + 5*z(l). Suppose -17 = -2*h - 21. Give u(h).
-7
Let z(l) = -5 + 4 + 2*l - 37*l**2 + 40*l**2. Give z(2).
15
Let b(c) = c**2 - 5*c - 1. Let m(z) = z**2 + 8*z. Let l be m(-6). Let k be ((-4)/l)/(2/36). Determine b(k).
5
Let y(b) = 2*b - 7. Let k = 5 + 10. Let a be (-56)/(-10) - k/25. Determine y(a).
3
Let o = 34 - 40. Let u(r) = 2*r + 6. Determine u(o).
-6
Let y(k) = -13*k**2 - 2*k + 1. Suppose 2*p = 5*j + p, 4*p - 17 = 3*j. Determine y(j).
-14
Let i(d) = d**2 - 3*d - 4. Let v(p) = -p**2 - 6*p + 5. Let u be v(-6). Suppose u*f + 2 - 22 = 0. Calculate i(f).
0
Let n be (32/(-10))/((-8)/20). Suppose n + 4 = 2*u. Suppose -4*c = -2*c + u. Let g(p) = p**2 + 2*p - 3. Give g(c).
0
Let z(m) = -m. Suppose u = -3 + 2. Calculate z(u).
1
Let s(l) = l**2 - 2*l - 3. Let d be ((-1)/(-3))/(2/30). Suppose 5*y = -p + 22, d*y - 4 - 6 = 5*p. What is s(y)?
5
Let y(w) = -w**3 + 5*w**2 - 7*w + 6. Let d(u) = u**3 - 14*u**2 + 5. Let t be d(14). Determine y(t).
-29
Let j(k) = -k**2 - 4*k - 1. Let z be 4/(-2) + 3 - -10. Suppose 0 = -3*g - z + 2. Determine j(g).
2
Let j(o) = 2*o - o**2 - 4*o - 4 + 0*o - o. Let y(u) = -u - 7. Let a be y(-3). Determine j(a).
-8
Suppose -4 = 2*w + 4. Let h(d) = -d**2 - 7*d + 2. What is h(w)?
14
Let c(r) = -5*r**3 + 6*r**2 - 5*r - 2. Let i(l) = 14*l**3 - 17*l**2 + 14*l + 6. Let a(f) = -11*c(f) - 4*i(f). What is a(2)?
-4
Let j(h) = h**3 + h**2 + h + 6. Let n be 2*(-1)/4*0. Give j(n).
6
Let g(h) = h**3 + 8*h**2 - 2*h - 10. Let p(y) = y**3 + y**2 + y - 8. Let f be p(0). Calculate g(f).
6
Let f(k) be the first derivative of 3*k**3 - 1. Suppose -3*z = -3 - 0. Suppose z = -y + 2*y. Calculate f(y).
9
Let b(w) = -7*w**2. Suppose -8*n + 4*n + 12 = 0. Suppose -4 + n = -v. Calculate b(v).
-7
Let q(t) = -4*t**3 + 5*t**2 - 7*t - 3. Let f be (40/4 - 3) + -4. Let x(a) = -a**3 - a - 1. Let o(d) = f*x(d) - q(d). Give o(3).
-6
Let v(s) = -38 - 27*s**2 + 43 + 28*s**2 + 4*s. Determine v(-4).
5
Let o(z) = 13*z**3 + 2*z**2 + 2*z + 1. Suppose 5*j + 5*a = -25, -4*j = 2*a + 3*a + 24. What is o(j)?
-12
Let p(y) = 2*y**3 - 5*y**2 + 4*y - 2. Suppose 0 = -u - 1. Let f be (4 - 3)/1*-1. Let h(o) = -o**3 + o**2 - o + 1. Let g(x) = f*p(x) + u*h(x). Give g(3).
1
Let k = -8 - -10. Suppose -2*s + 1 + 6 = -5*l, 3*l + 6 = 3*s. Let d(z) = -s - 2*z - z**3 - z**k + 2*z. Determine d(0).
-1
Let x(s) = -9*s - 6. Let n(o) = 5*o + 3. Let a(t) = -11*n(t) - 6*x(t). Let r(l) = l - 2. Let d(v) = 3*a(v) + 4*r(v). Determine d(4).
5
Let w be 17/4 + (-2)/8. Let a be (-6)/(-9)*6/w. Let i(m) = m**3 - 2*m**2 - m. Let d(z) = 11*z**3 - 8*z**2 - 3*z + 1. Let l(f) = -d(f) + 3*i(f). What is l(a)?
-7
Suppose -4*l + 4*q + 36 = 0, -2*q - 9 = 4*l + 3*q. Let k(j) = j**3 - 9*j**2 + 2*j + 9. Let i(x) = -x**2 + x + 1. Let h(v) = -6*i(v) + k(v). Give h(l).
3
Let i(k) = -k**2 - 4*k + 5. Let q be i(-4). Let g(v) be the third derivative of v**5/60 - v**4/3 + 2*v**3/3 + v**2. Determine g(q).
-11
Let p(u) = 3 - 3 + 8*u**3 + 2 - 3. Let o be p(1). Let f(k) = -10*k - 16. Let t(y) = -7*y - 11. Let i(q) = o*t(q) - 5*f(q). Determine i(5).
8
Let d(o) be the second derivative of -5/12*o**4 + 3*o - 2*o**2 + 0 - 1/6*o**3 + 1/20*o**5. What is d(5)?
-9
Let l(j) = 4*j**2 - 10*j - 7. Let q(x) = 3*x**2 - 9*x - 6. Let c(d) = 4*l(d) - 5*q(d). Calculate c(-6).
8
Let k(c) = -c**3 + 4*c**2 + 0*c**3 + 0*c**2 - 2 - c**3 - c. Calculate k(2).
-4
Suppose -3*o - 11 = i, 5*o - 4*o + 2*i - 3 = 0. Let q(d) be the first derivative of d**4/4 + 5*d**3/3 + d**2/2 + 6*d - 3. Give q(o).
1
Let s be ((-2)/(-5))/(2/5). Suppose 0 = 2*h - 3 - s. Let j(x) = -3*x + 1. Let y be j(h). Let v(n) = -n - 7. What is v(y)?
-2
Let s(v) = v - 1 + 8*v + 2*v - 7*v. What is s(-1)?
-5
Suppose -2*c = -5 + 1. Let h be 1 + 0/1 - c. Let b(y) = 3*y - 25*y**2 - 5*y + 49*y**2 - 25*y**2 - 4*y**3 - 1. Calculate b(h).
4
Let o(a) = -a - 2. Let i(h) = -h - 5. Let c(k) = 3*i(k) - 5*o(k). Give c(7).
9
Suppose 45*q - 49*q - 36 = 0. Let w(m) = m + 17. What is w(q)?
8
Let v(u) be the first derivative of u**4/4 - 2*u**3 + 2*u**2 - 4*u + 12. Give v(5).
-9
Let c(q) = 0 - q + 0 + 4 + 4. What is c(6)?
2
Let d = 3 - -7. Let f = -10 + d. Let o(h) = -h**3 + h**2 + h + 5. Determine o(f).
5
Let v(d) = 2*d - 4. Let x be 10/(-4)*6/(-5). Give v(x).
2
Let o(n) = 2*n**3 + n**2 - 5*n + 5. Let k be o(1). Let p(u) = u - u**2 - u. Calculate p(k).
-9
Let i(z) be the second derivative of -z**3/6 + 2*z**2 + 23*z. Give i(6).
-2
Let b = 8 - 5. Let o(s) = -s - b + 6 + 2*s - 1. Calculate o(-2).
0
Suppose 0*u + u = -1. Let i be 9/12 + 2/8. Let o(r) = r - i - 2*r - r + 4*r**2. Determine o(u).
5
Let f(u) = 1 + 212*u + 1 - 218*u + u**2. Determine f(5).
-3
Suppose 0 = 4*t + 3 - 7. Let g(s) = -6*s + 7*s**2 + 3 + 1 - 3. Let b(d) = 8*d**2 - 7*d + 1. Let p(a) = -4*b(a) + 5*g(a). Give p(t).
2
Let j(d) = -d + 9. Let l(h) = 6*h - 45. Let i(s) = 11*j(s) + 2*l(s). Let p be i(-11). Let q(k) = 6*k + k**2 + 3*k + 3 - 5*k. Determine q(p).
-1
Let j(w) be the first derivative of -w**2 - 1/24*w**4 + 0*w + 3 - 1/60*w**5 + 1/6*w**3. Let a(f) be the second derivative of j(f). Determine a(-1).
1
Suppose 2*p - p + 3*f + 14 = 0, 2*f - 4 = 2*p. Let a(l) = -l - 2. What is a(p)?
3
Suppose -c + 0*i + 5*i + 21 = 0, -4 = i. Suppose 0 = -3*j - 2*f - f + 15, 4 = 2*j - f. Let t(z) = -z**3 - j*z + z**2 + 2*z + c - 6*z**2. Determine t(-5).
6
Let s(i) be the first derivative of -i**6/120 - i**5/60 - i**4/24 + 2*i**3/3 - 3*i**2/2 - 2. Let n(l) be the second derivative of s(l). Determine n(0).
4
Let z(w) = -w - 9. Let o(p) = p**3 + 2. Let b be o(-2). What is z(b)?
-3
Let g = 0 - -1. Let l(a) = 2*a - 2 - 2 + g. Calculate l(3).
3
Let o(p) be the first derivative of 1 + 2*p**4 + 0*p**2 + 1/3*p**3 + 0*p. Determine o(-1).
-7
Let s(f) = -f**2 - 8*f - 4. Let a = -4 + -2. Give s(a).
8
Let c(t) = -t**2 - 5*t - 3. Let n be c(-3). Let h(i) = -27 + 29 + 0*i**2 + 0*i**2 + i**2. What is h(n)?
11
Let c(t) = -t**2 + 3*t + 7. Let m(v) = 7*v - 5. Let k(i) = -i. Let b(h) = 5*k(h) + m(h). Let s be b(4). Suppose -s*w + 4 = -11. Calculate c(w).
-3
Let b(z) = -3*z + 4. Let h(c) = -2*c + 3. Let d(x) = 5*b(x) - 7*h(x). Calculate d(-8).
7
Let h(k) = -1. Let g(y) = 3 - 5 - 3*y + 6*y - 5. Let t(v) = -g(v) + 6*h(v). What is t(3)?
-8
Suppose 20 = -8*i + 12. Let j(r) = 16*r**2 + 2*r + 1. What is j(i)?
15
Let f be 1 + (-2)/(2 + -4). Let u(j) = -2 - f - 1 + 2*j. Let l(w) = -w + 2. Let v(r) = -15*l(r) - 6*u(r). What is v(-2)?
-6
Let p(g) be the second derivative of -g**5/20 - g**4/4 + 2*g**3/3 + 3*g**2/2 + g. Let a be 20/30 + 14/(-3). Let q be a + (1 - 5 - -4). Calculate p(q).
3
Let x be (-12)/(-5) + 2 + 2/(-5). Let g(o) = -o**3 + 5*o**2 - 2*o + 4. Calculate g(x).
12
Suppose -3*y = -6*y - 4*r, 5*r + 7 = -2*y. Let f(b) = -2*b**3 - 4 - 2*b + 3*b**3 + 5*b**2 + 0*b**3 - 8*b**2. What is f(y)?
4
Let d(x) be the first derivative of -x**3/6 + 3*x**2/2 + 6*x + 1. Let r(m) be the first derivative of d(m). Give r(2).
1
Let t = -9 - -13. Suppose 0 = -2*p + t. Let j(d) be the second derivative of d**5/20 - d**4/6 - d**3/6 - d**2/2 - d. Give j(p).
-3
Let n be 4 - (-1 + 8/4).